or of 1331820 and 1566?
18
What is the highest common divisor of 92549 and 42830703?
4871
What is the greatest common factor of 7634575 and 2353?
13
Calculate the highest common factor of 54 and 1517156.
2
Calculate the greatest common divisor of 97146 and 1126062.
378
Calculate the greatest common factor of 1072 and 820147.
67
What is the highest common factor of 17438156 and 64?
4
What is the greatest common divisor of 26 and 1888905798?
26
Calculate the greatest common factor of 283774 and 123778.
398
Calculate the highest common divisor of 40032 and 1616.
16
What is the highest common factor of 3592663 and 62567?
3293
Calculate the greatest common divisor of 70 and 9420180.
70
Calculate the highest common factor of 4015 and 48849410.
365
What is the greatest common factor of 17124 and 55512?
12
Calculate the highest common divisor of 44313484 and 6962.
118
What is the highest common factor of 36783 and 19229?
67
What is the highest common factor of 76483 and 140811?
187
Calculate the highest common factor of 3398388 and 535164.
1932
Calculate the highest common divisor of 4 and 2054934212.
4
What is the highest common factor of 2483696 and 176?
16
Calculate the greatest common divisor of 42 and 40108782.
42
What is the highest common divisor of 23072754 and 30?
6
Calculate the highest common divisor of 336 and 45941112.
168
Calculate the greatest common divisor of 9193725 and 675.
225
What is the greatest common factor of 18261 and 8391?
3
What is the highest common factor of 1419 and 861342933?
1419
Calculate the greatest common divisor of 799135 and 17365.
115
What is the greatest common divisor of 1180 and 299779?
59
Calculate the greatest common divisor of 1311332270 and 2620.
1310
What is the greatest common divisor of 76 and 55413424?
76
What is the greatest common factor of 5382 and 1236986?
46
Calculate the greatest common factor of 3776 and 3282878.
118
Calculate the highest common divisor of 87840 and 135144.
72
Calculate the highest common factor of 13833 and 14329422.
261
Calculate the highest common factor of 30 and 14244234.
6
What is the greatest common divisor of 103 and 2732899?
103
Calculate the highest common factor of 279104298 and 132.
66
Calculate the greatest common divisor of 8354 and 5072.
2
Calculate the highest common factor of 1827358 and 391277.
1049
Calculate the greatest common factor of 393028075 and 31.
31
Calculate the greatest common factor of 2376698 and 12926.
562
Calculate the greatest common divisor of 21182 and 339354.
34
What is the greatest common divisor of 348 and 41875304?
116
Calculate the highest common divisor of 180613208 and 839.
839
Calculate the greatest common divisor of 691420 and 47060.
3620
What is the highest common factor of 35459905 and 4945?
115
What is the greatest common divisor of 466 and 278498?
2
Calculate the highest common divisor of 6 and 37360179.
3
Calculate the highest common factor of 9 and 25304481.
9
Calculate the highest common factor of 168074 and 4142.
38
Calculate the highest common factor of 6986 and 2896754.
14
What is the greatest common divisor of 943 and 344594381?
41
Calculate the greatest common factor of 9434908 and 7.
7
Calculate the highest common divisor of 48393 and 82764.
171
Calculate the greatest common divisor of 5902 and 86788.
26
What is the greatest common factor of 62062 and 490358?
682
Calculate the greatest common divisor of 95643 and 15687.
9
Calculate the highest common factor of 158125 and 59225.
575
What is the greatest common factor of 10869680 and 896?
16
What is the highest common factor of 72 and 139948470?
18
Calculate the highest common factor of 6191 and 251904.
41
Calculate the greatest common divisor of 35924630 and 140.
70
What is the highest common factor of 594 and 18922266?
198
Calculate the highest common factor of 1492358 and 53280.
74
What is the highest common divisor of 262 and 565885809?
131
What is the greatest common divisor of 1642880 and 7664?
16
Calculate the highest common divisor of 864 and 6015384.
216
Calculate the highest common divisor of 77040 and 256.
16
What is the highest common divisor of 70898917 and 4120?
103
Calculate the highest common divisor of 14551644 and 2.
2
What is the highest common divisor of 964 and 29200524?
964
Calculate the highest common divisor of 76608 and 6255.
9
What is the greatest common divisor of 20367263 and 1407?
469
What is the highest common divisor of 16181103 and 2007?
669
Calculate the highest common factor of 93452032 and 384.
128
Calculate the highest common factor of 15554 and 1146754.
1414
Calculate the highest common factor of 300 and 442483725.
75
Calculate the greatest common divisor of 215717 and 1120583.
1909
What is the highest common divisor of 22658202 and 4032?
126
Calculate the highest common divisor of 790130 and 15235.
55
Calculate the greatest common factor of 7906 and 520992.
134
What is the highest common factor of 344 and 1467651920?
344
Calculate the greatest common divisor of 360 and 2738760.
120
What is the highest common factor of 11068574 and 13706?
1958
What is the greatest common factor of 4925290 and 2120?
530
What is the highest common factor of 172774 and 1318724?
3526
Calculate the greatest common divisor of 608 and 14664128.
32
Calculate the highest common divisor of 33704510 and 6554.
226
Calculate the greatest common divisor of 63787852 and 222.
74
Calculate the greatest common divisor of 7230 and 4199666.
482
Calculate the greatest common factor of 51208678 and 626.
626
Calculate the highest common divisor of 98591 and 139.
1
Calculate the greatest common divisor of 314158500 and 1296.
324
Calculate the greatest common factor of 138 and 1393944.
6
What is the greatest common factor of 626409 and 236131?
427
Calculate the greatest common factor of 8 and 398172856.
8
What is the highest common factor of 1751 and 4708439?
1751
What is the greatest common divisor of 169294 and 574519?
1801
Calculate the greatest common divisor of 741 and 687363.
57
What is the greatest common divisor of 801777 and 579?
3
What is the greatest common divisor of 5348 and 651140?
28
What is the greatest common divisor of 7556300 and 21340?
1940
What is the greatest common factor of 37044 and 11445?
21
Calculate the highest common divisor of 23453364 and 297.
33
What is the highest common divisor of 455 and 1155973?
91
Calculate the highest common factor of 8500 and 99620.
340
Calculate the highest common divisor of 3532776 and 4422.
402
Calculate the greatest common factor of 2027 and 4607.
1
Calculate the highest common factor of 12045581 and 262.
131
What is the highest common divisor of 2096 and 76316?
4
What is the highest common divisor of 1698 and 64800?
6
Calculate the highest common divisor of 14569 and 1915169.
17
What is the greatest common divisor of 13602816 and 109568?
1024
Calculate the highest common divisor of 14 and 4228199108.
14
What is the greatest common factor of 184 and 12470209?
23
What is the highest common factor of 52 and 17722978?
26
Calculate the greatest common divisor of 408568 and 15016.
8
Calculate the greatest common divisor of 2431488 and 15360.
1536
What is the greatest common divisor of 80 and 16155360?
80
What is the highest common divisor of 55523688 and 30?
6
What is the greatest common factor of 68021614 and 370?
74
What is the greatest common factor of 103 and 30613?
1
What is the highest common factor of 516413 and 6464?
101
Calculate the greatest common divisor of 40494 and 3621.
51
Calculate the highest common divisor of 1015117 and 70685.
67
Calculate the highest common divisor of 149 and 97493978.
149
What is the greatest common factor of 417 and 5493975?
417
What is the highest common factor of 3364624 and 143992?
328
Calculate the highest common divisor of 24402398 and 522.
58
Calculate the highest common factor of 62461 and 7.
7
What is the highest common divisor of 373583792 and 32?
16
Calculate the highest common divisor of 912 and 46606544.
304
Calculate the greatest common factor of 728488 and 112832.
328
What is the highest common divisor of 69420786 and 47?
47
What is the highest common factor of 106 and 45670312?
106
Calculate the greatest common factor of 110 and 3056878.
22
Calculate the greatest c